26 is divided by 1236.
770
Calculate the remainder when 6456674 is divided by 328.
322
Calculate the remainder when 16498768 is divided by 5499586.
10
What is the remainder when 27912834 is divided by 1202?
1192
Calculate the remainder when 29077268 is divided by 164.
68
What is the remainder when 96620466 is divided by 12?
6
What is the remainder when 752833 is divided by 752833?
0
What is the remainder when 509492 is divided by 1001?
984
What is the remainder when 1527963 is divided by 27781?
8
Calculate the remainder when 3471665 is divided by 40.
25
Calculate the remainder when 8151292 is divided by 88601.
0
What is the remainder when 927445 is divided by 4638?
4483
Calculate the remainder when 716453176 is divided by 42.
40
What is the remainder when 7613870 is divided by 433?
431
What is the remainder when 244307 is divided by 456?
347
Calculate the remainder when 7926 is divided by 42.
30
What is the remainder when 1366324 is divided by 13?
11
Calculate the remainder when 4484613 is divided by 28.
21
Calculate the remainder when 6720665 is divided by 53.
0
Calculate the remainder when 56955837 is divided by 25.
12
Calculate the remainder when 98223603 is divided by 7702.
7699
Calculate the remainder when 3086315 is divided by 1955.
1325
Calculate the remainder when 1314695 is divided by 1332.
11
Calculate the remainder when 1615842 is divided by 276.
138
Calculate the remainder when 32151 is divided by 3777.
1935
What is the remainder when 62144967 is divided by 303146?
37
What is the remainder when 2290860 is divided by 48?
12
Calculate the remainder when 678273 is divided by 33869.
893
What is the remainder when 628596 is divided by 2034?
90
What is the remainder when 1039427 is divided by 526?
51
Calculate the remainder when 1378687353 is divided by 11.
10
What is the remainder when 419018596 is divided by 4025?
4021
What is the remainder when 806731 is divided by 18?
7
What is the remainder when 2726153 is divided by 435?
8
What is the remainder when 2196275 is divided by 288?
275
Calculate the remainder when 38273824 is divided by 5060.
5044
Calculate the remainder when 90155219 is divided by 1068.
1067
What is the remainder when 34532164 is divided by 173?
153
What is the remainder when 438302 is divided by 1654?
1646
What is the remainder when 3401102 is divided by 1031?
864
What is the remainder when 2581756 is divided by 1879?
10
What is the remainder when 700300 is divided by 880?
700
Calculate the remainder when 2669320 is divided by 22813.
199
What is the remainder when 52272220 is divided by 83?
65
Calculate the remainder when 689891 is divided by 2284.
123
What is the remainder when 1705920 is divided by 743?
735
What is the remainder when 1637734 is divided by 745?
224
What is the remainder when 7850828 is divided by 2219?
6
What is the remainder when 231450 is divided by 3456?
3354
Calculate the remainder when 732723 is divided by 1696.
51
Calculate the remainder when 7081 is divided by 673.
351
Calculate the remainder when 501649 is divided by 2153.
0
What is the remainder when 316169 is divided by 7469?
2471
Calculate the remainder when 1017570 is divided by 44151.
2097
What is the remainder when 15246 is divided by 665?
616
Calculate the remainder when 72394 is divided by 1838.
712
What is the remainder when 5374310 is divided by 87?
59
What is the remainder when 1142613 is divided by 662?
1
Calculate the remainder when 658618492 is divided by 2434.
2432
What is the remainder when 86082 is divided by 21342?
714
What is the remainder when 18040400 is divided by 2577199?
7
What is the remainder when 12820 is divided by 1957?
1078
Calculate the remainder when 13347760 is divided by 245.
160
Calculate the remainder when 1440536 is divided by 103.
81
Calculate the remainder when 11515011 is divided by 41.
38
Calculate the remainder when 641675 is divided by 127981.
1770
Calculate the remainder when 195813 is divided by 1420.
1273
What is the remainder when 1044639 is divided by 2045?
1689
What is the remainder when 328811 is divided by 7291?
716
Calculate the remainder when 9708875 is divided by 537.
452
Calculate the remainder when 20072775 is divided by 52.
47
Calculate the remainder when 164203 is divided by 9617.
714
Calculate the remainder when 198488406 is divided by 58.
52
Calculate the remainder when 1496301 is divided by 1498.
1297
What is the remainder when 2664548 is divided by 23157?
1493
What is the remainder when 391517 is divided by 195723?
71
Calculate the remainder when 371757 is divided by 1667.
16
What is the remainder when 1432319 is divided by 1969?
856
Calculate the remainder when 179300 is divided by 1308.
104
What is the remainder when 79222 is divided by 37?
5
What is the remainder when 47977997 is divided by 2384?
2381
What is the remainder when 1312076847 is divided by 2481?
2478
Calculate the remainder when 50336286 is divided by 16778755.
21
Calculate the remainder when 37453552 is divided by 16.
0
Calculate the remainder when 306727 is divided by 482.
175
Calculate the remainder when 344601110 is divided by 8.
6
What is the remainder when 1852424 is divided by 858?
2
What is the remainder when 20804599 is divided by 770540?
19
What is the remainder when 71882576 is divided by 2310?
2306
What is the remainder when 50649095 is divided by 7235583?
14
What is the remainder when 124076198 is divided by 192?
38
Calculate the remainder when 431980 is divided by 781.
87
What is the remainder when 101813 is divided by 12665?
493
What is the remainder when 1348864 is divided by 119?
118
What is the remainder when 323498 is divided by 435?
293
Calculate the remainder when 155900 is divided by 500.
400
Calculate the remainder when 35643668 is divided by 1692.
1688
What is the remainder when 68995 is divided by 3505?
2400
Calculate the remainder when 3707586 is divided by 2186.
130
Calculate the remainder when 31275676 is divided by 54.
10
Calculate the remainder when 17373744 is divided by 90962.
2
What is the remainder when 59432 is divided by 1089?
626
What is the remainder when 1121417613 is divided by 12?
9
Calculate the remainder when 14621718 is divided by 69.
66
What is the remainder when 14411 is divided by 7148?
115
What is the remainder when 9882 is divided by 3243?
153
What is the remainder when 138502 is divided by 62?
56
Calculate the remainder when 518402585 is divided by 3278.
3275
What is the remainder when 541684 is divided by 1110?
4
What is the remainder when 3569043 is divided by 1549?
147
What is the remainder when 162718 is divided by 254?
158
Calculate the remainder when 11990606 is divided by 5995197.
212
Calculate the remainder when 8457650 is divided by 2819212.
14
What is the remainder when 17050 is divided by 8343?
364
Calculate the remainder when 2179 is divided by 135.
19
Calculate the remainder when 120959 is divided by 59968.
1023
What is the remainder when 254360 is divided by 2449?
2113
What is the remainder when 3855001 is divided by 46?
17
What is the remainder when 48463 is divided by 43763?
4700
Calculate the remainder when 215561 is divided by 578.
545
What is the remainder when 49078 is divided by 279?
253
What is the remainder when 78360 is divided by 316?
308
Calculate the remainder when 1163213498 is divided by 46.
44
Calculate the remainder when 624304 is divided by 1312.
1104
Calculate the remainder when 86398 is divided by 9593.
61
What is the remainder when 1361158 is divided by 766?
742
What is the remainder when 974261 is divided by 6718?
151
Calculate the remainder when 10611592 is divided by 60986.
28
What is the remainder when 3761591 is divided by 605?
306
Calculate the remainder when 432594 is divided by 48.
18
Calculate the remainder when 13723185 is divided by 7701.
3
What is the remainder when 76379615 is divided by 19094892?
47
What is the remainder when 585081 is divided by 95?
71
Calculate the remainder when 13815856 is divided by 422.
420
What is the remainder when 163535 is divided by 815?
535
Calculate the remainder when 25535 is divided by 11847.
1841
Calculate the remainder when 2093411 is divided by 690.
641
What is the remainder when 307601 is divided by 10605?
56
Calculate the remainder when 26066 is divided by 2880.
146
Calculate th